e -g + 2 + 1 = h. Suppose 2*z = -5*b + 13, -5*b - 1 = -g*z + 6. What is the units digit of b?
1
Let t = -4 - -7. Suppose -t*g + g + 20 = 0. What is the tens digit of g?
1
Suppose 1067 = -9*v + 3398. What is the units digit of v?
9
Let t be (2/(-5))/((-3)/150). Suppose 3*v + v - t = 0. Suppose -4*r = -8, 0 = -v*d + r + r + 26. What is the units digit of d?
6
Let s be 2/(-4)*(-9 - -7). Suppose -m + 2*m = 5*f + 31, -5*f - s = 4*m. What is the units digit of m?
6
Suppose 5*x = 20, 3*z + 24 = 7*z - 3*x. What is the units digit of z?
9
Suppose -2*g + 3 = -2*i + g, -21 = -3*i - 4*g. Suppose -i*j + 5*j - 28 = 0. What is the tens digit of j?
1
Let a(j) = j**2 + j + 405. What is the hundreds digit of a(0)?
4
Suppose -4*p = -312 + 72. What is the units digit of p?
0
Suppose 0 = 2*u + 23 - 103. What is the tens digit of u?
4
Let a = -3 - -2. Suppose j + 0*j = 8. Let h = a + j. What is the units digit of h?
7
Let l(b) = 3*b**2 + 3*b - 1. Let a be l(-2). Let s(g) be the third derivative of -g**5/60 + 7*g**4/24 - 7*g**3/6 - g**2. What is the units digit of s(a)?
3
Let y = 6 - 1. Let d be -3 + 7/((-7)/(-4)). What is the units digit of d + y/(5/2)?
3
Suppose -4*k + 8 = -f - 3*f, 3*f - 14 = -2*k. What is the units digit of f?
2
Suppose 127 = 4*k - 97. What is the tens digit of k?
5
Suppose -4*t + 3*t = -2. Suppose -i + t*i = 2. What is the units digit of (-2)/(i/(-1)) - -2?
3
Let c be (7 - 0)/(1/1). Let y = c - 4. What is the units digit of y?
3
Let h be 2 + (3 - -1 - -1). What is the units digit of h + (-1 + 1)*1?
7
Let w(l) = -l**2 + 6*l. Let c = 5 + 0. What is the units digit of w(c)?
5
Suppose 4*n - 8 = 2*u, -2*u + 5*u - 8 = n. Suppose 34 = 4*g - a, -8 = -2*g + u*a + a. What is the units digit of g?
9
Suppose 0 = -2*k + c, 3*k - 2*c = -c + 2. Let l(o) = 2*o + 5*o**k + 0 + 0*o**3 - o**3 - 3. What is the units digit of l(5)?
7
Let o(n) = -3*n + 1. Let t be o(-1). Suppose v - 2*c = -3, t*v - 3*c + 4 = c. What is the units digit of v?
1
Let x = -12 + 34. Suppose -3*i = i - 3*s + 29, s = i + 6. Let w = x + i. What is the units digit of w?
1
Let v be ((-124 - -1)/3)/(-1). Suppose -h + 36 = 5*j, -j - 3 = -3*h + v. What is the tens digit of h?
1
Suppose -664 = -5*i - 3*u, i - u = -0*i + 136. Suppose -4*k - i = -3*l, -165 = -5*l + 5*k - 10*k. What is the tens digit of l?
3
Suppose 2*l - 8 - 10 = 0. Suppose 0 = -3*g + 90 + l. What is the tens digit of g?
3
Let l = 11 + -9. What is the units digit of (-14)/(-1 - 0) + l?
6
Let c = 92 - 39. Let o = c + -37. What is the tens digit of o?
1
Let h(p) = 9*p - 3. What is the units digit of h(9)?
8
Let c = -27 - -42. What is the tens digit of c?
1
Let l(h) = h - 1. Suppose 5*d - 4 = 3*d. What is the units digit of l(d)?
1
Let o be (4/10)/(2/(-10)). Let x be 2 + -4 + (-18)/o. Let f(t) = t**2 - 7*t + 4. What is the units digit of f(x)?
4
Suppose 2*r = -25 + 5. Let j be -2 - (-2 + 2) - r. Suppose -p + 0*p + j = 0. What is the units digit of p?
8
Let z(l) = 2*l + 1. Let q(v) = 6*v + 2. Let c(i) = 3*q(i) - 8*z(i). Let d be c(3). Suppose -5*y = t - 20, -32 = -2*y - 2*y - d*t. What is the units digit of y?
3
Let y(l) = -l**2 - 10*l. Suppose 4*g + 0*g = 2*i - 24, -5*i + 35 = -5*g. What is the units digit of y(g)?
5
Let x be -3 + (2*21 - 4). Let i = 79 - x. What is the units digit of i?
4
Suppose -4*m + 4*j = -253 + 53, 0 = 4*m + 4*j - 192. What is the tens digit of m?
4
Let j(d) = d**2 - 7*d - 2. Let f(m) = -m**3 + m**2 - m + 8. Let x be f(0). What is the units digit of j(x)?
6
Let m(w) = w**3 - 4*w**2 + 2*w - 4. Let o = -7 - -12. What is the tens digit of m(o)?
3
Let s = 0 + 0. Suppose s = 2*f + 3*f + 40. Let d = -3 - f. What is the units digit of d?
5
Let s = -7 + 10. Suppose -2*g - 20 = -y, s*y + 0*g = g + 40. What is the tens digit of y?
1
Let l be 2/(3*(-6)/(-9)). Let z be -2 + l + (-1 - -16). Let c = -9 + z. What is the units digit of c?
5
Suppose 3*q + 15 = -3*v - 0, 4*q = v + 5. Suppose q = -3*f + 164 - 35. What is the units digit of f?
3
Let h = 6 + -10. Let m = -3 - h. Let y = m - 0. What is the units digit of y?
1
What is the units digit of 11*1*(-2)/(-2)?
1
Suppose 15 = -3*b + 66. What is the tens digit of b?
1
Suppose -x + 3*j = -5, 4*x + 0*x - 9 = j. Let r be -4*(-1)/x + 0. Suppose r*s - 8 = 2. What is the units digit of s?
5
Let p(j) = -j**2 + 5*j + 1. Let y(c) = c**3 + 3*c**2 - 4*c + 3. Suppose -3 = -4*t - 5*w + 1, 0 = 3*t - w + 16. Let s be y(t). What is the units digit of p(s)?
7
Suppose -2*n + 2*b + 12 = 0, -b = n - 0*b - 14. Let m be (-2 + 5)/(3/2). Suppose m*h + n = 3*h. What is the tens digit of h?
1
Let j be (1 + 5)*6/(-6). Let n be 4/(-14) + j/(-21). Suppose 44 = 4*v - n*v. What is the units digit of v?
1
Suppose -520 = -9*z + 5*z. What is the units digit of z?
0
Suppose k + 3 - 41 = 0. Let y = -25 + k. What is the tens digit of y?
1
Let t(v) = v**3 - v**2 - 2*v + 2. Suppose 5*s + 4*m = 3*m + 6, -18 = -5*s + 2*m. Let f be t(s). Let d = f - 1. What is the units digit of d?
1
Suppose -16 = -u + 22. What is the units digit of u?
8
Let v = 73 - 37. What is the units digit of v?
6
Suppose -4*v = d + 4, 3*v - 18 + 6 = -2*d. What is the units digit of d?
2
Suppose 2*p - p + 2 = 0, -4*c - 4*p + 16 = 0. What is the units digit of (-9 + 75)*4/c?
4
Let d be (1 + 0)/(1/(-251)). Let j = d + -39. What is the units digit of j/(-35) - 4/14?
8
Let v(a) be the first derivative of -a**4/4 - 2*a**3 - a**2 + 6*a + 6. What is the tens digit of v(-6)?
1
Let a(c) be the first derivative of 0*c - 1/2*c**2 + 11/3*c**3 + 4. What is the units digit of a(-1)?
2
Let u(s) = s**3 - 11*s**2 + 11*s + 2. Let k be u(10). Suppose -5*w + 2*w = -k. What is the units digit of w?
4
Let c(k) = 21*k - 7. What is the units digit of c(10)?
3
Suppose -2*t = -4*s - 80 + 284, 5*s = 5*t + 260. What is the units digit of s?
0
Let t be ((-16)/(-12))/((-4)/(-6)). Suppose -k + t*k - 5 = 0. Suppose 6 = 4*r + 2, k*m = -2*r + 22. What is the units digit of m?
4
Let d be 1/(3/(-3)) - -51. What is the units digit of (72/(-10))/((-15)/d)?
4
Let q(i) be the third derivative of 1/12*i**4 + 1/30*i**5 + 0*i + 0 + i**2 + 1/6*i**3. What is the units digit of q(-2)?
5
Suppose 4*n + z + 3 = 2*z, -z = 4*n + 5. Let w be ((-9)/2 + n)*-2. Suppose 4*s + s = y + 31, -w = -2*s - y. What is the units digit of s?
6
Let n(w) = 5*w**3 - 4*w**2 + 3*w + 1. What is the units digit of n(3)?
9
Suppose -4*y = -56 - 232. Suppose -4*v + 2*k = -10, -10*k = 3*v - 5*k - 40. Suppose 0 = -v*r - 0*i - 4*i + y, -45 = -5*r + 5*i. What is the tens digit of r?
1
Let d = -2 - -1. Let i(t) be the second derivative of t**4/6 - t**2/2 - 2*t. What is the units digit of i(d)?
1
Suppose -r + 9 = 3*i, i - 2*r + 0 = 3. Suppose -5*a + 63 = 5*z - 67, -2*a + 82 = i*z. Suppose 2*j - z = -3*j. What is the units digit of j?
6
Let w(p) = p**2 + 2. Suppose 0 = 2*x - 2*v - 2, x = 2*x - 2*v - 2. Let d be w(x). Suppose -d*u = -4 - 8. What is the units digit of u?
6
Suppose 2 = -0*d - 2*d, -j = -5*d - 49. What is the tens digit of j?
4
Let w = -44 + 13. Let m = -11 - w. What is the units digit of m?
0
Let p = -68 + 131. What is the units digit of p?
3
Suppose 4*n = 12, 3*k + 30 = 4*n + 168. What is the tens digit of k?
5
Suppose 4*u + 3*l - 3 = 0, 4*u + 0*u - 5*l = 27. Suppose -5 = -2*s + u. What is the units digit of s?
4
Let g(n) = 2*n**3 - 5*n**2 + 3*n. Suppose -5*y + 25 = 0, 4*f + 4*y - 41 = -1. Suppose 15 = -f*p + 10*p. What is the units digit of g(p)?
8
Suppose -3*w + 0*w = -24. Suppose 5*u + 27 = w*u. What is the units digit of u?
9
Let n(w) = -w**2 - 8*w + 3. Let q be n(-8). Let l be (-1)/(-2) - (-4)/8. Let d = l + q. What is the units digit of d?
4
Let p(o) = -o**3 + 5*o**2 + 2*o - 1. Let z be (-12)/3*5/(-4). Let u be p(z). Let c(k) = k - 4. What is the units digit of c(u)?
5
Suppose -25 = 2*n - 9. Suppose -4*p - 5*l = 19, 4*p - l + 21 + 4 = 0. Let q = p - n. What is the units digit of q?
2
Suppose -3*b - p + 7 = 0, -4*b - p = 3*p + 4. Suppose l - b*d - 24 = -0*d, -5*l + d + 177 = 0. What is the units digit of l?
6
Let r be (8/(-6))/((-2)/3). Let d be 6/24 + r/(-8). Suppose 9 = -d*a + 3*a. What is the units digit of a?
3
Suppose 45 = 3*j - 36. What is the units digit of j?
7
Suppose 0 = -5*h - 5*q + 21 + 69, 0 = -5*h + q + 66. What is the units digit of (1 + 1)*h/4?
7
Suppose -n = 4*n. Suppose n = 3*q + 5 - 53. 